{"id":14,"date":"2026-04-13T10:40:53","date_gmt":"2026-04-13T08:40:53","guid":{"rendered":"https:\/\/novel.my-secu.link\/?page_id=14"},"modified":"2026-04-13T11:42:56","modified_gmt":"2026-04-13T09:42:56","slug":"accueil","status":"publish","type":"page","link":"https:\/\/novel.my-secu.link\/index.php\/accueil\/","title":{"rendered":"Accueil"},"content":{"rendered":"\n<figure class=\"wp-block-image size-large is-resized\"><img loading=\"lazy\" decoding=\"async\" width=\"683\" height=\"1024\" src=\"https:\/\/novel.my-secu.link\/wp-content\/uploads\/2026\/04\/f345416bd59a8bd4dbd65445ef6d5a29-683x1024.jpg\" alt=\"d\u00e9couvrir la marque Novel\" class=\"wp-image-56\" style=\"aspect-ratio:0.6670005978445281;width:344px;height:auto\" srcset=\"https:\/\/novel.my-secu.link\/wp-content\/uploads\/2026\/04\/f345416bd59a8bd4dbd65445ef6d5a29-683x1024.jpg 683w, https:\/\/novel.my-secu.link\/wp-content\/uploads\/2026\/04\/f345416bd59a8bd4dbd65445ef6d5a29-200x300.jpg 200w, https:\/\/novel.my-secu.link\/wp-content\/uploads\/2026\/04\/f345416bd59a8bd4dbd65445ef6d5a29.jpg 750w\" sizes=\"auto, (max-width: 683px) 100vw, 683px\" \/><\/figure>\n\n\n\n<p>Bienvenue chez&nbsp;<strong>Novel<\/strong>, votre nouvelle r\u00e9f\u00e9rence en mati\u00e8re de mode pour homme et femme. Notre marque a \u00e9t\u00e9 cr\u00e9\u00e9e avec une vision simple : proposer des v\u00eatements modernes, confortables et accessibles \u00e0 tous.<\/p>\n\n\n\n<p>Chez Novel, nous croyons que le style est une mani\u00e8re de s\u2019exprimer. C\u2019est pourquoi nous concevons des collections qui s\u2019adaptent \u00e0 votre quotidien, que ce soit pour une tenue d\u00e9contract\u00e9e ou un look plus \u00e9l\u00e9gant.<\/p>\n\n\n\n<p>D\u00e9couvrez nos collections et trouvez les pi\u00e8ces qui correspondent \u00e0 votre personnalit\u00e9.<\/p>\n\n\n\n<p>D\u00e9couvrez nos produits<br>Explorez notre blog<br>Contactez-nous<\/p>\n","protected":false},"excerpt":{"rendered":"<p>Bienvenue chez&nbsp;Novel, votre nouvelle r\u00e9f\u00e9rence en mati\u00e8re de mode pour homme et femme. Notre marque a \u00e9t\u00e9 cr\u00e9\u00e9e avec une vision simple : proposer des v\u00eatements modernes, confortables et accessibles \u00e0 tous. Chez Novel, nous croyons que le style est une mani\u00e8re de s\u2019exprimer. C\u2019est pourquoi nous concevons des collections qui s\u2019adaptent \u00e0 votre quotidien, &hellip; <\/p>\n<p class=\"link-more\"><a href=\"https:\/\/novel.my-secu.link\/index.php\/accueil\/\" class=\"more-link\">Lire la suite de<span class=\"screen-reader-text\">\u00ab\u00a0Accueil\u00a0\u00bb<\/span><\/a><\/p>\n","protected":false},"author":1,"featured_media":0,"parent":0,"menu_order":0,"comment_status":"closed","ping_status":"closed","template":"","meta":{"inspiro_hide_title":false,"footnotes":""},"class_list":["post-14","page","type-page","status-publish","hentry"],"yoast_head":"<!-- This site is optimized with the Yoast SEO plugin v27.3 - https:\/\/yoast.com\/product\/yoast-seo-wordpress\/ -->\n<title>Accueil -<\/title>\n<meta name=\"robots\" content=\"index, follow, max-snippet:-1, max-image-preview:large, max-video-preview:-1\" \/>\n<link rel=\"canonical\" href=\"https:\/\/novel.my-secu.link\/index.php\/accueil\/\" \/>\n<meta property=\"og:locale\" content=\"fr_FR\" \/>\n<meta property=\"og:type\" content=\"article\" \/>\n<meta property=\"og:title\" content=\"Accueil -\" \/>\n<meta property=\"og:description\" content=\"Bienvenue chez&nbsp;Novel, votre nouvelle r\u00e9f\u00e9rence en mati\u00e8re de mode pour homme et femme. Notre marque a \u00e9t\u00e9 cr\u00e9\u00e9e avec une vision simple : proposer des v\u00eatements modernes, confortables et accessibles \u00e0 tous. Chez Novel, nous croyons que le style est une mani\u00e8re de s\u2019exprimer. C\u2019est pourquoi nous concevons des collections qui s\u2019adaptent \u00e0 votre quotidien, &hellip; Lire la suite de\u00ab\u00a0Accueil\u00a0\u00bb\" \/>\n<meta property=\"og:url\" content=\"https:\/\/novel.my-secu.link\/index.php\/accueil\/\" \/>\n<meta property=\"article:modified_time\" content=\"2026-04-13T09:42:56+00:00\" \/>\n<meta property=\"og:image\" content=\"https:\/\/novel.my-secu.link\/wp-content\/uploads\/2026\/04\/f345416bd59a8bd4dbd65445ef6d5a29.jpg\" \/>\n\t<meta property=\"og:image:width\" content=\"750\" \/>\n\t<meta property=\"og:image:height\" content=\"1125\" \/>\n\t<meta property=\"og:image:type\" content=\"image\/jpeg\" \/>\n<meta name=\"twitter:card\" content=\"summary_large_image\" \/>\n<meta name=\"twitter:label1\" content=\"Dur\u00e9e de lecture estim\u00e9e\" \/>\n\t<meta name=\"twitter:data1\" content=\"1 minute\" \/>\n<script type=\"application\/ld+json\" class=\"yoast-schema-graph\">{\"@context\":\"https:\\\/\\\/schema.org\",\"@graph\":[{\"@type\":\"WebPage\",\"@id\":\"https:\\\/\\\/novel.my-secu.link\\\/index.php\\\/accueil\\\/\",\"url\":\"https:\\\/\\\/novel.my-secu.link\\\/index.php\\\/accueil\\\/\",\"name\":\"Accueil -\",\"isPartOf\":{\"@id\":\"https:\\\/\\\/novel.my-secu.link\\\/#website\"},\"primaryImageOfPage\":{\"@id\":\"https:\\\/\\\/novel.my-secu.link\\\/index.php\\\/accueil\\\/#primaryimage\"},\"image\":{\"@id\":\"https:\\\/\\\/novel.my-secu.link\\\/index.php\\\/accueil\\\/#primaryimage\"},\"thumbnailUrl\":\"https:\\\/\\\/novel.my-secu.link\\\/wp-content\\\/uploads\\\/2026\\\/04\\\/f345416bd59a8bd4dbd65445ef6d5a29-683x1024.jpg\",\"datePublished\":\"2026-04-13T08:40:53+00:00\",\"dateModified\":\"2026-04-13T09:42:56+00:00\",\"breadcrumb\":{\"@id\":\"https:\\\/\\\/novel.my-secu.link\\\/index.php\\\/accueil\\\/#breadcrumb\"},\"inLanguage\":\"fr-FR\",\"potentialAction\":[{\"@type\":\"ReadAction\",\"target\":[\"https:\\\/\\\/novel.my-secu.link\\\/index.php\\\/accueil\\\/\"]}]},{\"@type\":\"ImageObject\",\"inLanguage\":\"fr-FR\",\"@id\":\"https:\\\/\\\/novel.my-secu.link\\\/index.php\\\/accueil\\\/#primaryimage\",\"url\":\"https:\\\/\\\/novel.my-secu.link\\\/wp-content\\\/uploads\\\/2026\\\/04\\\/f345416bd59a8bd4dbd65445ef6d5a29.jpg\",\"contentUrl\":\"https:\\\/\\\/novel.my-secu.link\\\/wp-content\\\/uploads\\\/2026\\\/04\\\/f345416bd59a8bd4dbd65445ef6d5a29.jpg\",\"width\":750,\"height\":1125},{\"@type\":\"BreadcrumbList\",\"@id\":\"https:\\\/\\\/novel.my-secu.link\\\/index.php\\\/accueil\\\/#breadcrumb\",\"itemListElement\":[{\"@type\":\"ListItem\",\"position\":1,\"name\":\"Accueil\",\"item\":\"https:\\\/\\\/novel.my-secu.link\\\/\"},{\"@type\":\"ListItem\",\"position\":2,\"name\":\"Accueil\"}]},{\"@type\":\"WebSite\",\"@id\":\"https:\\\/\\\/novel.my-secu.link\\\/#website\",\"url\":\"https:\\\/\\\/novel.my-secu.link\\\/\",\"name\":\"\",\"description\":\"\",\"potentialAction\":[{\"@type\":\"SearchAction\",\"target\":{\"@type\":\"EntryPoint\",\"urlTemplate\":\"https:\\\/\\\/novel.my-secu.link\\\/?s={search_term_string}\"},\"query-input\":{\"@type\":\"PropertyValueSpecification\",\"valueRequired\":true,\"valueName\":\"search_term_string\"}}],\"inLanguage\":\"fr-FR\"}]}<\/script>\n<!-- \/ Yoast SEO plugin. -->","yoast_head_json":{"title":"Accueil -","robots":{"index":"index","follow":"follow","max-snippet":"max-snippet:-1","max-image-preview":"max-image-preview:large","max-video-preview":"max-video-preview:-1"},"canonical":"https:\/\/novel.my-secu.link\/index.php\/accueil\/","og_locale":"fr_FR","og_type":"article","og_title":"Accueil -","og_description":"Bienvenue chez&nbsp;Novel, votre nouvelle r\u00e9f\u00e9rence en mati\u00e8re de mode pour homme et femme. Notre marque a \u00e9t\u00e9 cr\u00e9\u00e9e avec une vision simple : proposer des v\u00eatements modernes, confortables et accessibles \u00e0 tous. Chez Novel, nous croyons que le style est une mani\u00e8re de s\u2019exprimer. C\u2019est pourquoi nous concevons des collections qui s\u2019adaptent \u00e0 votre quotidien, &hellip; Lire la suite de\u00ab\u00a0Accueil\u00a0\u00bb","og_url":"https:\/\/novel.my-secu.link\/index.php\/accueil\/","article_modified_time":"2026-04-13T09:42:56+00:00","og_image":[{"width":750,"height":1125,"url":"https:\/\/novel.my-secu.link\/wp-content\/uploads\/2026\/04\/f345416bd59a8bd4dbd65445ef6d5a29.jpg","type":"image\/jpeg"}],"twitter_card":"summary_large_image","twitter_misc":{"Dur\u00e9e de lecture estim\u00e9e":"1 minute"},"schema":{"@context":"https:\/\/schema.org","@graph":[{"@type":"WebPage","@id":"https:\/\/novel.my-secu.link\/index.php\/accueil\/","url":"https:\/\/novel.my-secu.link\/index.php\/accueil\/","name":"Accueil -","isPartOf":{"@id":"https:\/\/novel.my-secu.link\/#website"},"primaryImageOfPage":{"@id":"https:\/\/novel.my-secu.link\/index.php\/accueil\/#primaryimage"},"image":{"@id":"https:\/\/novel.my-secu.link\/index.php\/accueil\/#primaryimage"},"thumbnailUrl":"https:\/\/novel.my-secu.link\/wp-content\/uploads\/2026\/04\/f345416bd59a8bd4dbd65445ef6d5a29-683x1024.jpg","datePublished":"2026-04-13T08:40:53+00:00","dateModified":"2026-04-13T09:42:56+00:00","breadcrumb":{"@id":"https:\/\/novel.my-secu.link\/index.php\/accueil\/#breadcrumb"},"inLanguage":"fr-FR","potentialAction":[{"@type":"ReadAction","target":["https:\/\/novel.my-secu.link\/index.php\/accueil\/"]}]},{"@type":"ImageObject","inLanguage":"fr-FR","@id":"https:\/\/novel.my-secu.link\/index.php\/accueil\/#primaryimage","url":"https:\/\/novel.my-secu.link\/wp-content\/uploads\/2026\/04\/f345416bd59a8bd4dbd65445ef6d5a29.jpg","contentUrl":"https:\/\/novel.my-secu.link\/wp-content\/uploads\/2026\/04\/f345416bd59a8bd4dbd65445ef6d5a29.jpg","width":750,"height":1125},{"@type":"BreadcrumbList","@id":"https:\/\/novel.my-secu.link\/index.php\/accueil\/#breadcrumb","itemListElement":[{"@type":"ListItem","position":1,"name":"Accueil","item":"https:\/\/novel.my-secu.link\/"},{"@type":"ListItem","position":2,"name":"Accueil"}]},{"@type":"WebSite","@id":"https:\/\/novel.my-secu.link\/#website","url":"https:\/\/novel.my-secu.link\/","name":"","description":"","potentialAction":[{"@type":"SearchAction","target":{"@type":"EntryPoint","urlTemplate":"https:\/\/novel.my-secu.link\/?s={search_term_string}"},"query-input":{"@type":"PropertyValueSpecification","valueRequired":true,"valueName":"search_term_string"}}],"inLanguage":"fr-FR"}]}},"_links":{"self":[{"href":"https:\/\/novel.my-secu.link\/index.php\/wp-json\/wp\/v2\/pages\/14","targetHints":{"allow":["GET"]}}],"collection":[{"href":"https:\/\/novel.my-secu.link\/index.php\/wp-json\/wp\/v2\/pages"}],"about":[{"href":"https:\/\/novel.my-secu.link\/index.php\/wp-json\/wp\/v2\/types\/page"}],"author":[{"embeddable":true,"href":"https:\/\/novel.my-secu.link\/index.php\/wp-json\/wp\/v2\/users\/1"}],"replies":[{"embeddable":true,"href":"https:\/\/novel.my-secu.link\/index.php\/wp-json\/wp\/v2\/comments?post=14"}],"version-history":[{"count":6,"href":"https:\/\/novel.my-secu.link\/index.php\/wp-json\/wp\/v2\/pages\/14\/revisions"}],"predecessor-version":[{"id":101,"href":"https:\/\/novel.my-secu.link\/index.php\/wp-json\/wp\/v2\/pages\/14\/revisions\/101"}],"wp:attachment":[{"href":"https:\/\/novel.my-secu.link\/index.php\/wp-json\/wp\/v2\/media?parent=14"}],"curies":[{"name":"wp","href":"https:\/\/api.w.org\/{rel}","templated":true}]}}